3 - ((2 - -13) + (-182 - -212) + 11).
-79
What is -72 - (18 + (-157 - -173 - (-2 + 16)))?
-92
What is 14 + (-10 - -2) + 21 - (56 + -53)?
24
Evaluate 604 - 617 - (-3 - 113).
103
Evaluate -16 - (3 + -9 - 15).
5
What is the value of 152 + (55 - (-94 + 243))?
58
23 - (108 + -54 - 55)
24
Calculate (-14 - (5 - (-13 + 69))) + (1 - -2).
40
Calculate (92 - 36 - 9 - -22) + -1 + -2 - 12.
54
What is the value of -13 + 37 + 43 + -51?
16
(1 - -55) + (36 - (-2 - (4 - 31))) + 5
72
-5 + 0 + (5 - (-9 - -7)) - 49
-47
20 - (14 + (-19 - (-4 - 15 - -16)))
22
Calculate 1965 + -1943 + -1 + -28 + -1.
-8
Calculate -5 + 13 + (1 - (0 + -21)).
30
What is the value of 22 - (-28 + (33 - (-28 - -30)))?
19
-9 + (4 - 2) + (-19 - (8 - (23 + -16)))
-27
Evaluate -5 + (-34 - -9) + -60 + -21 + 1 + -2.
-112
What is -16 - -14 - (2 - 59) - (17 - (-22 - -27))?
43
Evaluate -8 + (-19 - 8 - 14 - -17).
-32
What is the value of -25 - (-144 - (-139 - -49))?
29
Evaluate -3 + 18 + -48 + (15 - (31 - -11)).
-60
3389 + -3381 + (-3 + (3 - (0 + 0)) - 20)
-12
Evaluate -23 - (-21 - 12) - -18 - 115.
-87
What is 7 + 24 + -7 + 15 + (-8 - -1) - 5?
27
What is the value of -36 + 19 + 16 + -19?
-20
(8 + 21 + -19 + -15 - -13) + -105
-97
Evaluate -62 - (5 + -39 + 62) - (3 + -3 - 3).
-87
Evaluate -103 - (102 + -110 - 44).
-51
What is the value of 2 - 0 - (1 - (-15 + (-7 - -13)) - -42)?
-50
Evaluate 3 + -3 - (-52 + (20 - (-27 - -24))).
29
What is -9 + (5 - (-19 - (8 + (-10 + 5 - 12))))?
6
Evaluate (-20 + -9 - 10) + 32 - 68.
-75
-6 - (-4 + (1 - 2) + (-66 - -62)) - -3
6
Calculate (147 - 135) + (-14 - 1) + 5 - 31.
-29
What is the value of (-25 + 51 + -17 - 5) + (7 - -36)?
47
Evaluate -9 + -81 + 35 + 60.
5
-24 + 33 + -42 + -7
-40
Calculate -25 + (-6 - -29 - 15) + 48.
31
Calculate -41 - (-67 - -58 - 31).
-1
What is the value of -5 + 21 - (9 + 7 + (-39 - 68))?
107
Evaluate (-5 - 73 - -38) + 0.
-40
-67 + (-11 - 1 - ((-4 - 7) + (101 - 103)))
-66
(33 + -27 - -19) + -22 - (-47 - 0)
50
Evaluate (-644 - -674) + 3 + (-4 - -16).
45
Evaluate 34 + (-29 + 13 + 21 - (3 + 2 - 10)).
44
What is 0 + 10 - (8 + 59 - (-161 + 166))?
-52
41 - (-42 - (-88 - -32) - 7)
34
Calculate -11 - (9 + (10 - 10 - 21)) - 5 - -83.
79
What is the value of 73 + -198 + 113 + (-1 + 4 - (22 - -15))?
-46
44 + -103 - (6 + -25)
-40
Evaluate 99 + (48 + 16 + -36 - 23) + -18.
86
(23 - (-6 - (-23 + -43))) + 13 + 3
-21
What is (77 + 10 - 5) + -97?
-15
What is the value of 174 - 201 - (-39 - 3)?
15
Evaluate -30 + 3 + 6 + -14 - (-16 - -7).
-26
Evaluate (-1 - -4) + (8 - (-11 + (-7 - -12) - -3)).
14
Calculate -67 - (812 - 807 - (0 + (4 - 3))).
-71
What is the value of -23 + (7 - -30) - (-1 + 39)?
-24
Evaluate -36 - (-14 - -2) - (-4 + -55).
35
30 + 4 - (-11 + 18 - -53)
-26
Evaluate -96 - -76 - (23 + 78).
-121
Calculate 51 + -30 + 1 - 61.
-39
-22 - (-48 - -36 - 18)
8
14 + ((28 + -12 - 29) + -9 - -124)
116
What is 45 - (211 + -116) - -84?
34
Evaluate (2 - -15) + (-352 - -312).
-23
What is 4 - (-20 + (-9 - -30) + (-1 - 5))?
9
(0 - 14) + (10 - 13 - -6) - (-161 - -223)
-73
What is the value of (21 - (3 + -2)) + -3 + 6?
23
Calculate (0 - -52) + -732 + 348 + 430.
98
Evaluate 6 - (7 + -4 + -9 - (16 + -8) - 9).
29
Evaluate 69 + -4 - 4 - (17 - 1).
45
-13 + 21 + -30 + 54
32
What is the value of -5 - (-26 + -9 + (-5 - -127))?
-92
Calculate -54 + 57 - (8 + (27 - -96)).
-128
What is the value of -15 - ((2 - -19) + 7 + -7)?
-36
What is 3 + (-1 - 67 - (166 + -174))?
-57
(-59 - (-70 - -17)) + (18 - 1) - 66
-55
What is -59 + (54 - (53 + 2))?
-60
What is 7 + 13 + (-4 - 26) - 6 - 9?
-25
What is (61 - 10) + -1232 + 1067?
-114
Calculate 17 + (12 - (-6 + 15)) + 52.
72
(4508 + -4499 - (2 - (0 + 0))) + -93 + 0
-86
What is -17 + (-4 - -25) - 0 - (-5 + -2)?
11
(32 - -7) + (11 - 1) + -4 - 10
35
What is the value of 21 + 3 - ((20 - 32) + 114)?
-78
88 + 2 - (15 - -1 - (183 - 159)) - 3
95
What is (-2195 - -2159) + 48 + -2?
10
What is the value of -52 - (-42 + -117 + 155)?
-48
What is 58 - (15 - -127 - 76)?
-8
(25 - (-11 + 18)) + 5 + -4 + -2
17
Calculate -11 + 1 + (-5 - (-3 - (0 - (13 + -20)))).
-5
What is -83 + (-61 - (-64 + 21)) + (1 - -16)?
-84
Evaluate 3 + -31 - ((-44 - -122) + -36).
-70
50 + (-9 - 79) - (0 - -5)
-43
Calculate -43 + (-50 - -54) - 32.
-71
35 + (22 - 68) + 48 + (-8 - 0)
29
What is 13 + 8 - (-7 - (-16 + 15))?
27
What is 5 + (-27 + 0 - 5 - 16)?
-43
Calculate -43 + (-29 - -146) - (9 - (-2 + 2)).
65
What is the value of 35 + -13 + 15 + (-3 - -5 - 12)?
27
Calculate -11 - (6 + 30 - 2) - (-2 - -3 - 13).
-33
What is (5 + -4 - -41) + (-10 + 13 - -12) + -12?
45
What is 6 + (43 + -68 - 43) + 0 + 2?
-60
(15 - -3 - 10 - (-2 + 5 + 39)) + -2
-36
What is the value of 16 + 0 - (6 - -17 - 31)?
24
What is (4 - (-13 - -33)) + -3 + -8?
-27
(-278 + 271 - (-1 - 13)) + (21 - 7)
21
Calculate -10 - (-16 + 32 + -8) - -16.
-2
What is the value of 21 - (83 + -85 + (-5 - 42))?
70
What is -23 + 1 + -3 + -9 + -9?
-43
(-26 - -10) + 4 - ((4 - 8) + -31)
23
Calculate -1 - (-2 + -13 - 2) - (2 - (31 + -36)).
9
What is the value of 50 - 56 - (-6 - -9)?
-9
What is the value of (102 - (0 + -1)) + -29 + -7 + -9 + 55?
113
What is the value of (8 + -6 - 14) + -10 + 1 + (110 - 33)?
56
What is (-473 - -472) + (5 - 18 - (6 + 3))?
-23
What is 4525 - 4519 - (-69 + 2 + 1 + -3)?
75
-70 - -3 - (-7 - 49)
-11
What is -31 - -3 - (-38 + (70 - 10))?
-50
42 + (50 - 68) - -9
33
Evaluate -85 + 0 + -36 + 39 + -1 + 5.
-78
What is the value of 25 - -4 - ((-10 + 12 - -19) + -2)?
10
8 + -5 - -18 - (-254 - -266)
9
Evaluate (167 + -165 - (10 - 1)) + (0 - 14).
-21
Evaluate -8 + -15 + (-32 - -19) + 4 + 15.
-17
Evaluate 20 + 5 - (-2 - (-60 - -8)).
-25
Evaluate -105 - -95 - (-19 - -17 - (-4 + 1 + -7)).
-18
Evaluate 13 + -51 + (76 - -7) + -47.
-2
Calculate 9 + (-22 - (-14 - (-49 + -22))).
-70
What is 7 - (1 + (-4 - 8 - -3) + 64)?
-49
31 + -7 + -70 + 9 + -12
-49
Calculate 0 - (10 + 36 + 1 + 45 + -19 + -20).
-53
What is -95 + (9 - -19) + 1 + (-6 - -16)?
-56
-5 - ((13 - (-5 + 14 + -2)) + 57 + -32)
-36
Evaluate (8 - (-8 - -62)) + -12 + 18 + -8.
-48
What is the value of (1 - -45) + (2279 - 2274)?
51
5 + (2 - (0 - -2)) - (362 - 359)
2
Calculate 20 - (-37 + (-23 - -69)).
11
-22 + (-8 - -10) + -2 + -3 + 9 + 1
-15
What is -81 - (14 + (-13 - 42))?
-40
Evaluate 10 + (-18 - ((12 - 5) + -8)) - -1 - -20.
14
What is -40 - (2 + -2) - (9 + 36 - (118 + -62))?
-29
Evaluate 14 - (-63 + (9 - -2 - (-25 - -29))).
70
Calculate 9 + (23 + 38 - 131).
-61
Evaluate -31 + (-28 + 7 - (-55 - -49)).
-46
Calculate -12 + (0 - 5 - 2) - 16.
-35
What is 48 + 0 - (184 - 169)?
33
What is 146 + (118 - 53) + -143?
68
-46 + 6 - (-70 + 20) - 98
-88
What is the value of 29 + -16 - (-18 + 31 + -1 - 89)?
90
What is the value of -42 + (99 - (-17 - -50))?
24
What is 50 - (-4 + 10 - (-3 + -23))?
18
What is the value of 16 + -10 + -165 + 159?
0
-1 + 2 + -3 + 12 + (-1 + 10 - 36)
-17
Calculate (22 - -7) + (-6 - 62).
-39
Calculate -9 - 24 - (301 + -257).
-77
Calculate 4 - (20 + -10) - (-125 - -59).
60
Evaluate 72 - 43 - -35 - -8.
72
(-40 - (-212 + 158)) + -124 + 3
-107
What is 45 - (-34 + (25 - 0)) - (-1 + 2 - -12)?
41
What is the value of -10 + 0 + (63 - 41) + (-1 - 10) + 52?
53
Evaluate -125 + 103 + (-18 - -86).
46
-78 - 1 - (6165 + -6204)
-40
Calculate 2 + 8 + (-7 - (8 + -3)) - 71 - 9.
-82
Evaluate 4 - (-15 + -16 + -8 + 18).
25
What is 28 - (-85 - (-15 - 37))?
61
Evaluate (-33 - (-14 + -10)) + 6 + (4 - 2 - -14).
13
Evaluate -7 - ((-2 - -2) + -4 - 6).
3
What is the value of (8 + (0 - 8) + 41 - -5) + (2 - 5)?
43
-268 + (18 + -108 - -242)
-116
What is the value of (-53 - (32 - 114)) + -8?
21
-135 + 29 - 43 - -26 - (2 + 2)
-127
-37 - (53 - 12 - 89)
11
What is -16 - (4 + -11 - (-123 + 150))?
18
-5 + (-14 - -5) - (-74 + -13 + 19)
54
What is -6 + -2 - 8 - (7 - (-3 + -2))?
-28
What is -58 + (0 - -11 - (499 + -486) - (2 - 12))?
-50
What is the value of -2 - -28 - ((8 + -21 - 2) + 15)?
26
What is (6 + 33 - -6) + 7 + (-9 - -8)?
51
What is the value of -5 - -1 - (-29 - (21 - 24 - 19))?
3
What is -115 + 9 + 20 - -143?
57
56 - (-113 + 277 + 23)
-131
What is the value of -11 - ((1 - 9 - (-12 + -28)) + 4)?
-47
Evaluate 18 + (61 - 85 - (-26 + -4)).
24
Calculate -87 + 82 + -3 + 0 + 5 - 26.
-29
-32 - ((-11 - 1) + 8 - (-32 + 30)) - 12
-42
Calculate -226 - -75 - (-81 - -4).
-74
Evaluate (11 - (33 - (-4 + 13 + 7))) + -5